. What are the prime factors of (1 - 2)/(4/u)?
2, 11
Suppose 4*z - 1935 = 2673. What are the prime factors of z?
2, 3
Suppose -2*c - 103158 = -35*c. What are the prime factors of c?
2, 3, 521
Let r(j) = -10*j**3. Let s = 1 - 2. Let u be r(s). Let m(k) = -k**3 + 10*k**2 + 2*k + 1. What are the prime factors of m(u)?
3, 7
Let d(a) = a - 6. Let k be d(6). Suppose 2*o + 50 = -k*t + 4*t, 0 = -4*t - 4*o + 56. What are the prime factors of t?
13
Let a = -2008 - -2052. What are the prime factors of a?
2, 11
Suppose -9 = -0*o - o - f, 0 = -3*o - 2*f + 22. Suppose 0*u + o = u. Suppose -4*l + 30 = -m, -4*m = u*l - 0*l - 40. What are the prime factors of l?
2
Let r be (-4992)/(-7) - (-1)/(-7). Suppose 8*q - r = -65. List the prime factors of q.
3
List the prime factors of (8/64)/(1/20936).
2617
Let x(y) = y**2 - y + 140. What are the prime factors of x(0)?
2, 5, 7
Suppose 7*w = -0*w. Let o be 2/(3/((-6)/(-1))). Suppose w*m = -o*m + 72. List the prime factors of m.
2, 3
Let f(c) = 10*c. Let t be f(1). Suppose 0 = -t*i + 2*i + 336. List the prime factors of i.
2, 3, 7
Let t = 1531 + -694. What are the prime factors of t?
3, 31
Suppose 9*w - 7 = 2. List the prime factors of (-280)/(-12)*(w + 2/1).
2, 5, 7
Let m be ((-1)/2)/1*-18. Suppose -p + 12 = m. Suppose -5*l - p*s + 125 = 0, 2*s = l - 9 - 29. List the prime factors of l.
2, 7
Let r = 722 + 111. List the prime factors of r.
7, 17
Let r(h) = 19*h - 3 + 6 - 14*h**2 - 19 + h**3. List the prime factors of r(13).
2, 31
Suppose -6*n + 3*n - 192 = 0. Let t(m) = -m**3 + m**2 + m + 5. Let z be t(4). Let l = z - n. What are the prime factors of l?
5
Suppose -4*j = 4*j - 24. Suppose -y - j*y = -16. What are the prime factors of y?
2
Let a(y) = -y**2 + 6*y - 1. Let z be a(4). Let v(r) = -10*r + r**2 - 6*r + 11*r - 4. What are the prime factors of v(z)?
2, 5
Let f be 2 - (-56)/(1 - -1). Suppose 4*w = -4*t + 2*t + f, -3*w + 5*t + 3 = 0. List the prime factors of w.
2, 3
Let k = 116 + -115. Let c be 18 + 1*(-2 - 0). Let q = k + c. List the prime factors of q.
17
Let i be 1173/9 - (-2)/3. Let r be (-5 - 86 - -1) + (1 - 1). Let f = r + i. What are the prime factors of f?
41
Let j be 1/(2 - 111/57). Suppose 0 = -2*r + 63 - j. Let o = 20 + r. What are the prime factors of o?
2, 3, 7
Let w be (8 + -7)/((-9)/10 - -1). Suppose 3*k + w*k = 2626. List the prime factors of k.
2, 101
Suppose -2*y + 762 = -0*y + 3*w, 0 = 2*y + 5*w - 766. List the prime factors of y.
2, 3, 7
Let b be (-33)/22 - 2/4. Let w = b + 1. List the prime factors of 18 + (-3 - -3) + w.
17
Suppose -3*h = 4*m - 2065, -3*h - 9*m + 7*m + 2057 = 0. List the prime factors of h.
683
Let f = -238 + 549. List the prime factors of f.
311
Let x(l) = l**3 - l**2 + 1. Let g(w) = 3*w**3 + 13*w**2 - w + 18. Let b(d) = g(d) - 2*x(d). What are the prime factors of b(-15)?
31
List the prime factors of 4/38 + 395640/152.
19, 137
Let x = 26 - 24. Let c be (-658)/(-42) - x/3. Suppose -c - 171 = -3*s. List the prime factors of s.
2, 31
Let m(n) = -n**3 + 11*n**2 + n - 4. Let d = -82 + 87. What are the prime factors of m(d)?
151
List the prime factors of (2 + -3)*-4 + (-7044)/(-3).
2, 3, 7
Let m be (-20)/(-16)*(-4 - 0). Let d(t) = t**3 + 5*t**2 - 10*t + 12. List the prime factors of d(m).
2, 31
Suppose 4*j - 2526 = -626. Suppose -q + 4*q - a = 366, -j = -4*q - 3*a. List the prime factors of q.
11
Suppose 0*u = -2*u - 3*n + 9, 4*n - 10 = -2*u. Suppose u*h + 9 = -2*z + 258, -h + z + 78 = 0. What are the prime factors of h?
3
Let h be 0*(-1 - 4/(-8)). Let r = h + -5. Let v(j) = j**3 + 5*j**2 - j + 7. List the prime factors of v(r).
2, 3
Suppose 35*m = 34*m + 1. Suppose 0 = 3*u - 0*u - 12. What are the prime factors of 8/8*(u + m)?
5
Let b be 12/(-30) + 3/(15/3032). Suppose -5*s = 2*t - 183 - 424, b = 5*s + t. List the prime factors of s.
11
Suppose 5*j + 5*r + 30 = 0, r - 5*r = 3*j + 22. List the prime factors of j/((-2)/12 + 330/2412).
67
Suppose -4*b + 220 = 4*a, 4*a = 5*a + 1. List the prime factors of b.
2, 7
Let o = -18 + 18. Suppose o = -4*q + 406 + 98. What are the prime factors of q?
2, 3, 7
List the prime factors of 516/387 - (-11753)/3.
3919
Suppose 0 = -3*i - i - 16. Let n be (i - -73) + (-3)/1. Suppose 2*l + n = 5*l. What are the prime factors of l?
2, 11
Let s(v) = -v**2 - 8*v + 3. Suppose -3*r + 4*i - 1 = 0, 2*i = -r + 7*i - 4. Suppose 7 - r = -g. List the prime factors of s(g).
3, 5
Let i(t) be the third derivative of 4*t**2 + 1/60*t**5 - 1/2*t**3 - 1/8*t**4 + 0 + 0*t. What are the prime factors of i(5)?
7
Let i = 417 - 168. What are the prime factors of i?
3, 83
Let y = 17 + -1. Let l = y + -14. Suppose 4*a + l*a - 258 = 0. List the prime factors of a.
43
Suppose 3*r - 13 = 2*s, 2*s + 10 = -3*r + 5*r. Let p = -51 + 78. Suppose 91 = 4*f - 3*b - 2*b, -f = r*b - p. List the prime factors of f.
2, 3
Let a = -9 - -12. Suppose -y + 14 = 3*v, -3*y + a = -2*v - 6. Suppose 5*j - v*x - 103 = -4*x, -5*x - 25 = -2*j. What are the prime factors of j?
2, 5
Let n = 3045 + -1273. List the prime factors of n.
2, 443
Let o(r) = -r**3 + 11*r**2 + 13*r - 8. Let m be o(12). Let g be 0 + 2 + -6 + m. What are the prime factors of (g - -2)*(-30)/(-3)?
2, 5
Suppose 6*n - 5*r - 3653 = 4*n, -5*n - 2*r + 9147 = 0. What are the prime factors of n?
31, 59
Suppose -4*f + 23 - 7 = 0. Suppose 6 = 5*j - f. Suppose -x - j*g + 5*g = -15, -5*g = 15. List the prime factors of x.
2, 3
Let d(r) = 55*r**2 + 25*r + 74. What are the prime factors of d(-8)?
2, 1697
Let m = -2451 + 4731. What are the prime factors of m?
2, 3, 5, 19
Suppose 0 = 67*z - 62*z - 520. Suppose 5*q + a - 407 = 0, -3*q + z = 4*a - 147. List the prime factors of q.
3
Suppose 27*b = 12*b + 62385. List the prime factors of b.
4159
Let u = 503 + -197. What are the prime factors of u?
2, 3, 17
Let c = -61 - -73. List the prime factors of ((-258)/c)/(2/4 + -1).
43
Let i(c) = -c**2 - 3*c - 7. Let u be i(-6). Let g = 41 + u. What are the prime factors of g?
2
Let z be (-66)/(-3)*(-15)/(-10). Let v be (z/3)/((-2)/12). Let n = 123 + v. What are the prime factors of n?
3, 19
Let o = 16 - 14. Suppose -70 = -o*g - 3*a, -g + 68 = g + 4*a. List the prime factors of g.
2, 19
List the prime factors of -6 - ((-2)/15 + (-79715)/75).
7, 151
Let i be 5/10*(231 + -3). Suppose -6*w - 6 = -i. Let p = w + 0. List the prime factors of p.
2, 3
Let k = 488 - -45. List the prime factors of k.
13, 41
Suppose -50 = -11*g - 17. Suppose 4*l - g*l - 21 = -2*i, 0 = -5*l - i + 69. What are the prime factors of l?
13
Let s(w) = -w**2 + w. Let i be s(0). Suppose i = -7*n + 2*n - 20. Let q = n - -14. List the prime factors of q.
2, 5
Let j(t) = t**3 + 5*t**2 + 5*t**2 - 7*t + 10*t**2 - 25*t**2 - 10. List the prime factors of j(8).
2, 3, 7
Let c(x) = 110*x**3 + 2*x + 1. Let k be (-10)/20 - 1/2. Let l be c(k). Let p = l - -159. List the prime factors of p.
2, 3
Suppose -407*i + 421*i = 49364. List the prime factors of i.
2, 41, 43
Suppose 4*a + 2*f = -3*f + 71, -5 = f. Suppose 3*l - 135 = -3*n, 5*l + 2*n - 41 = 199. Let x = l - a. List the prime factors of x.
2, 13
Suppose -5*k - 33 = 2*d + 55, -5*d + 60 = -5*k. List the prime factors of 674/16 - k/(-128).
2, 3, 7
Let q = -442 - -458. List the prime factors of q.
2
Let o(d) = 2*d - 14. Let u be o(7). List the prime factors of 269 - (u/1 - -2).
3, 89
Let c = 342 - 188. What are the prime factors of c?
2, 7, 11
Let q = 14 - 11. Suppose -2*g - g - w = -169, 2*g = -w + 114. Suppose p - q*p = -4*k - 10, 5*p - 4*k = g. What are the prime factors of p?
3, 5
Let k = -231 - -963. What are the prime factors of k?
2, 3, 61
Let c be (-4 + -1 + 6)/((-1)/(-302)). Suppose 0 = 3*d - k - 310, 3*d - 5*k - c = -0*d. List the prime factors of d.
2, 13
Let b = 3341 - -265. List the prime factors of b.
2, 3, 601
Let k(o) = o**2 + 2. Let v be k(2). Suppose i - 130 = -5*d, 5*i - v*d + 3*d = 678. Suppose 0 = -4*a - a + i. What are the prime factors of a?
3
Let y = -52 + 55. Suppose -g = 3*z - 17, -y*z + 34 = 4*g + 11. List the prime factors of z.
5
What are the prime factors of 2 - 1 - (13 + 5460/(-14))?
2, 3, 7
Let w(o) = -o + 2. Let i be w(-4). Suppose -3*d - i*c - 129 = -2*c, d + 4*c = -43. Let f = d + 62. List the prime factors of f.
19
Let p(h) = 9*h**2 - 10*h - 2 + h**3 + 0*h + 0*h. Let n be p(-10). What are the prime factors of (-2 + -3 + -2